6*o - 82 - 44 = 0. Calculate the remainder when 61 is divided by o.
19
Let i(g) = 3*g - 7. Let f(v) = 4*v - 6. Let q(p) = -6*f(p) + 5*i(p). Calculate the remainder when 36 is divided by q(-2).
17
Suppose -32 = -3*o + 4*o. Let b = 45 + o. Let m(c) = 2*c**2 + c - 16. Calculate the remainder when b is divided by m(3).
3
Let h be (-4 + 6)*33/(-6). Calculate the remainder when 42 is divided by h*(1 + -2 + 0).
9
Let a(b) = -b**3 + 11*b**2 - 7*b - 9. Suppose -l = l - 20. Calculate the remainder when 61 is divided by a(l).
19
Suppose -2*u + 12 = -v - 23, 22 = u - 2*v. What is the remainder when 27 is divided by u?
11
Let m = -3 - -30. Suppose -4*v + 84 = 2*v. What is the remainder when m is divided by v?
13
Let l = 18 - 14. Suppose -3*s - 2*s = 4*t - 8, 0 = -l*t + s + 8. Calculate the remainder when 2 is divided by t.
0
Calculate the remainder when 118 is divided by 1*-3 + (20 - (-2 - 5)).
22
Suppose -4*f - 151 = -b + 38, 5*f = -4*b + 672. What is the remainder when b is divided by 44?
41
Let q = 240 + -81. Calculate the remainder when q is divided by 40.
39
Suppose -22 = -3*y + 11. What is the remainder when y is divided by 7?
4
Let s = -15 + 21. Let i(q) = -q**2 + 8*q - 3. What is the remainder when s is divided by i(7)?
2
Suppose 0 = -3*s + 21 + 18. Suppose 0*j = 2*m + 3*j - 4, 3*j = -4*m + 20. What is the remainder when s is divided by m?
5
Let p(i) = 5*i - 2 - 1 + 0. What is the remainder when p(5) is divided by 6?
4
Suppose 2*l - 5 = 3*k, 0*l + 2*k + 8 = -l. What is the remainder when 14 is divided by (l/4)/((-2)/20)?
4
Suppose 3*y + 3 = 4*y. Suppose -21 = -5*b - q, 2*b = q + y*q + 26. Calculate the remainder when 8 is divided by b.
3
Let l(d) = -1 + d**2 - 7 + 7*d - 4*d + 0*d**2. Let r = -19 - -57. Calculate the remainder when r is divided by l(-7).
18
Suppose -5*d = -4*d. Suppose 0 = -t - d*t + 6. What is the remainder when 22 is divided by t?
4
Let w = 153 + -108. What is the remainder when 177 is divided by w?
42
Suppose -v + 4*k + 77 = 0, 2*v - 4*k - 239 = -v. What is the remainder when v is divided by 21?
18
Let a = 11 - 11. What is the remainder when (-4)/(-2 - a) + 19 is divided by 6?
3
Suppose 5*h - 6 - 19 = 0. Calculate the remainder when h is divided by 2.
1
Let p be -2 - -1 - (2 - 6). Suppose -2*j + 0*j = 2*o, 0 = -2*o - p*j + 2. Let g(i) = -8*i. Calculate the remainder when 30 is divided by g(o).
14
Let i be 228/84 + 2/7. Suppose i*z = 7*z - 296. What is the remainder when z is divided by 25?
24
Suppose -3*i - 3*a = -24, -2*a = 3*i - 6*a - 31. What is the remainder when 25 is divided by i?
7
Let g(s) = s + 1. What is the remainder when (8 - -1) + 4 + 0 is divided by g(6)?
6
Let d = 41 - 58. Let v = d + 27. What is the remainder when 29 is divided by v?
9
Suppose 7*x + 136 = 2*x - 3*h, 3*x = 3*h - 72. Let m = 39 + x. What is the remainder when 37 is divided by m?
11
Let u(g) = 3*g**2 + 4*g - 3. Suppose -5*b - 3*j = -30, 5*b - 4*j = 3*b + 12. Calculate the remainder when u(2) is divided by b.
5
Suppose 32 - 4 = 4*y. Suppose 0 = v - 39 + y. Calculate the remainder when v is divided by 17.
15
Let w(m) = m**2 + 3*m + 5. Suppose 2*r + 6*c - 2*c - 44 = 0, 25 = 5*c. Calculate the remainder when w(-6) is divided by r.
11
Let g = 6 - -147. What is the remainder when g is divided by 39?
36
Let a = 0 - -30. Let w(b) = -b**3 - b + 11. Suppose -2*g + 4 = -5*g + 4*k, -k + 1 = 4*g. What is the remainder when a is divided by w(g)?
8
Suppose 2*n - 38 = 3*u, 3*u = -3*n - n - 68. Let g = -2 - u. Calculate the remainder when 26 is divided by g.
12
Suppose -2*l - 5 = -l. Let n = -2 - l. Suppose 4*d = -n*q - 22 + 59, 31 = 3*d - q. What is the remainder when d is divided by 4?
2
Suppose -5*t + 156 = 3*v, -94 = 3*t - 6*t - 2*v. What is the remainder when (-2)/((-43)/(-44) - 1) is divided by t?
28
Let p(i) = i**2 - 3*i - 3. Let x be 0/(-2)*1 + -2. Let h = x - -3. Calculate the remainder when h is divided by p(4).
0
Let m = -25 + 4. What is the remainder when 82 is divided by m/(-6)*(5 + 1)?
19
Let r be (2 - 1)*(-15 + 7). Let w(t) = t**2 + 8*t + 9. What is the remainder when 24 is divided by w(r)?
6
Let c(b) = 1. Let r(d) = 22*d + 4. Let m(w) = -3*c(w) + r(w). Calculate the remainder when 67 is divided by m(1).
21
Calculate the remainder when (-2)/(-8) + (-2156)/(-16) is divided by 35.
30
Suppose -2*x + 70 = 20. Suppose v - 2*r = x, -44 = -2*v - 5*r + 3*r. What is the remainder when v is divided by 31 + -34 + 9 + 2?
7
Let d(n) = n**2 - 3*n - 8. What is the remainder when 17 is divided by d(6)?
7
Suppose 93 = -2*v + 5*v. Let d be 108/20 + 2/(-5). Suppose 2*u = 5*o + 7 + 14, 0 = -u - 3*o + d. Calculate the remainder when v is divided by u.
7
Let h = 2 - 2. Suppose h = -0*w + w - 41. What is the remainder when w is divided by 14?
13
Let h be 5/2 - 7/14. Suppose -5*t + h + 48 = 0. Calculate the remainder when 27 is divided by t.
7
Suppose v = -b - 2 - 1, -4*b - 28 = -4*v. Suppose 2*r = -5*y + 103, y - 11 = -0*r + v*r. Let g = 33 - y. Calculate the remainder when 26 is divided by g.
12
Let i(l) = -l**3 - l**2 - 2*l + 1. Let k be i(-2). Let h(b) = b - 1. Calculate the remainder when (-1)/(-2)*(46 + 0) is divided by h(k).
7
Let h(p) = -p**2 + 20*p + 33. Let s(x) = 2*x**2 - 6*x + 6. What is the remainder when h(18) is divided by s(4)?
13
Let c = -56 + 166. What is the remainder when c is divided by 16?
14
Let o(s) = -s**3 + 15*s**2 + 20*s - 31. Calculate the remainder when o(16) is divided by 6.
3
Suppose 5*m - 2*o + 100 = 20, 4*m + 92 = -4*o. Let n = -4 - 0. Let k = n - m. What is the remainder when 27 is divided by k?
13
Let g(h) = 72*h + 1. Let j be g(1). Suppose 0 = -2*m + 4, 7*v - m = 2*v + j. Calculate the remainder when 28 is divided by v.
13
Let j be 1*(183 + 0)*1. Let u = 86 - j. Let b = -62 - u. Calculate the remainder when b is divided by 18.
17
Let m = 17 - 11. What is the remainder when 16 - (1/3)/(16/(-240)) is divided by m?
3
Suppose 0 = 5*w - 3*o - 15, o + o = -5*w + 15. Suppose -144 = -w*f - 3*f. Calculate the remainder when 69 is divided by f.
21
Suppose 6*y = 4*y. Let h = 6 - y. Calculate the remainder when h is divided by 4.
2
Let s = 11 - 8. Suppose 2*q - 5*l + 0*l = 6, 14 = q + s*l. What is the remainder when q is divided by 3?
2
Let i = 58 - 35. Let d = i + -14. What is the remainder when 33 is divided by d?
6
Suppose -5*z + 148 = -4*u, 4*z + 5*u - u = 104. Suppose 62 = h + 4*l, 11*h - 6*h + l - 405 = 0. Calculate the remainder when h is divided by z.
26
Let k(v) = -v**2 - 9*v - 1. Let w be k(-6). Suppose -w = -4*r + 31. Suppose 7*c = 4*c + r. What is the remainder when 7 is divided by c?
3
Let t(u) = -u**3 - 8*u**2 - u + 13. Calculate the remainder when t(-8) is divided by 11.
10
Let m(h) = h + 10. Suppose -5*z - 19 = d + 3, 3*z = -5*d - 44. Let y be m(d). Suppose 4*g - 3*g = y. What is the remainder when 5 is divided by g?
2
Let p = 45 - 25. Calculate the remainder when p is divided by 11.
9
Suppose 2*f - 5*p + 0 = 4, -3*f + 5*p = -6. Let j(n) = n**3 + 2*n**2 - n - 1. What is the remainder when f is divided by j(-2)?
0
Let q(h) be the first derivative of 2*h**3/3 + 7*h**2/2 + 10*h + 1. What is the remainder when q(-7) is divided by 15?
14
Suppose z + 2 = 2*z. Suppose z*a = -a + 42. Suppose h - 4*v + 5 = -3, 4*h - 24 = 2*v. Calculate the remainder when a is divided by h.
6
Let z(o) = o**2 - 19*o - 5. What is the remainder when 104 is divided by z(20)?
14
Let k(c) = c - 8. Let b be k(6). Let q(w) = 2*w - 1 - 1 + 8*w**2 + 0. What is the remainder when q(b) is divided by 14?
12
Suppose 0 = -n + 8 + 2. What is the remainder when n is divided by 6?
4
Suppose 3*m - 36 = -0*m. Let i = -7 + 14. Calculate the remainder when m is divided by i.
5
Suppose -5*f + 157 = 17. Suppose -3*m + 29 + 16 = 0. Calculate the remainder when f is divided by m.
13
Suppose 6*y - 85 = y. What is the remainder when 82 is divided by y?
14
Suppose 0 = c + 3*l - 3, 2*c - 4*l = -24. Let k = -2 - c. Suppose 0 = k*n - 7 - 9, 0 = q + 4*n - 29. Calculate the remainder when 24 is divided by q.
11
Suppose -46 = -3*w + 20. Calculate the remainder when w is divided by 8.
6
Suppose -3*t + 2*c = -51 - 111, -c = 2*t - 115. Let o = t - 34. Calculate the remainder when o is divided by 8.
6
Suppose 2*b + 1 = 3. Calculate the remainder when 17 is divided by 5 - (0/2 - b).
5
Let f(c) = 1